 remainder when 132113847 is divided by 165.
162
Calculate the remainder when 5582634 is divided by 75.
9
What is the remainder when 348478161 is divided by 43?
12
What is the remainder when 51743 is divided by 3933?
614
Calculate the remainder when 1765694 is divided by 22931.
7
What is the remainder when 11457307 is divided by 12674?
11
What is the remainder when 1770457 is divided by 354088?
17
Calculate the remainder when 29675 is divided by 2047.
1017
Calculate the remainder when 20107 is divided by 5751.
2854
Calculate the remainder when 86059 is divided by 42859.
341
What is the remainder when 212393 is divided by 26544?
41
What is the remainder when 41495055 is divided by 3772276?
19
What is the remainder when 348502 is divided by 174246?
10
Calculate the remainder when 1179040 is divided by 1283.
1246
Calculate the remainder when 858925 is divided by 428047.
2831
What is the remainder when 124353 is divided by 24699?
858
What is the remainder when 290576 is divided by 551?
199
Calculate the remainder when 15961306 is divided by 7980637.
32
What is the remainder when 2020745 is divided by 3777?
50
What is the remainder when 566634 is divided by 1406?
16
Calculate the remainder when 855565 is divided by 95049.
124
Calculate the remainder when 3122266 is divided by 1324.
274
What is the remainder when 7511151 is divided by 1108?
19
What is the remainder when 387610 is divided by 18?
16
What is the remainder when 191268 is divided by 95518?
232
Calculate the remainder when 274075 is divided by 106.
65
What is the remainder when 2594219 is divided by 501?
41
What is the remainder when 3097271 is divided by 32263?
23
What is the remainder when 14936542 is divided by 717?
715
Calculate the remainder when 123030 is divided by 7936.
3990
Calculate the remainder when 574608 is divided by 47884.
0
Calculate the remainder when 23131124 is divided by 1156556.
4
What is the remainder when 470647632 is divided by 1343?
1340
What is the remainder when 127828 is divided by 1938?
1858
Calculate the remainder when 105491697 is divided by 356.
353
What is the remainder when 2783854 is divided by 554?
4
What is the remainder when 568238 is divided by 1503?
104
What is the remainder when 62401338 is divided by 31200664?
10
What is the remainder when 51280 is divided by 11262?
6232
What is the remainder when 77184 is divided by 2018?
500
What is the remainder when 309035 is divided by 7721?
195
What is the remainder when 5870889 is divided by 239?
93
What is the remainder when 4561899 is divided by 95035?
219
Calculate the remainder when 10675 is divided by 7546.
3129
What is the remainder when 1957094 is divided by 20820?
14
Calculate the remainder when 8743098 is divided by 620.
478
Calculate the remainder when 4341243 is divided by 242.
5
What is the remainder when 32470326 is divided by 788?
786
What is the remainder when 19450614 is divided by 359?
353
What is the remainder when 286834 is divided by 21?
16
Calculate the remainder when 701585 is divided by 25.
10
What is the remainder when 26441862 is divided by 12780?
42
What is the remainder when 165482 is divided by 165400?
82
What is the remainder when 247146 is divided by 67?
50
What is the remainder when 276347 is divided by 137505?
1337
Calculate the remainder when 1181266 is divided by 418.
416
Calculate the remainder when 297678 is divided by 5614.
136
What is the remainder when 67094 is divided by 753?
77
Calculate the remainder when 55596528 is divided by 9266088.
0
What is the remainder when 6091 is divided by 205?
146
What is the remainder when 1642224 is divided by 2222?
166
Calculate the remainder when 156929 is divided by 657.
563
Calculate the remainder when 6014635 is divided by 48.
43
What is the remainder when 6134441 is divided by 278836?
49
What is the remainder when 10698081 is divided by 620?
601
Calculate the remainder when 6048755 is divided by 58.
51
Calculate the remainder when 7407897 is divided by 1234637.
75
What is the remainder when 565917 is divided by 565829?
88
What is the remainder when 151324479 is divided by 218?
215
What is the remainder when 930263 is divided by 980?
243
What is the remainder when 97007 is divided by 1773?
1265
What is the remainder when 1826583 is divided by 86980?
3
Calculate the remainder when 121398 is divided by 40145.
963
What is the remainder when 2973765 is divided by 991255?
0
What is the remainder when 1552597 is divided by 2854?
21
What is the remainder when 5503182 is divided by 1035?
87
Calculate the remainder when 1186222 is divided by 97.
9
Calculate the remainder when 1333559 is divided by 120.
119
Calculate the remainder when 875647 is divided by 95.
32
Calculate the remainder when 163811618 is divided by 83.
79
What is the remainder when 107943 is divided by 17918?
435
Calculate the remainder when 351258 is divided by 122.
20
Calculate the remainder when 4408518 is divided by 1748.
62
Calculate the remainder when 51038029 is divided by 5855.
5849
What is the remainder when 124860 is divided by 18?
12
What is the remainder when 23189624 is divided by 1783817?
3
Calculate the remainder when 142570 is divided by 71039.
492
What is the remainder when 3622020 is divided by 517431?
3
Calculate the remainder when 594971 is divided by 5609.
417
What is the remainder when 1109142 is divided by 146?
126
What is the remainder when 2822234 is divided by 273?
233
Calculate the remainder when 100228 is divided by 19585.
2303
Calculate the remainder when 100541714 is divided by 943.
940
Calculate the remainder when 15741 is divided by 7082.
1577
Calculate the remainder when 10426822 is divided by 2606592.
454
What is the remainder when 14691439 is divided by 52?
35
Calculate the remainder when 11599516 is divided by 3130.
2866
What is the remainder when 51597778 is divided by 18?
4
What is the remainder when 56550 is divided by 18781?
207
What is the remainder when 3096754 is divided by 509?
507
Calculate the remainder when 305800 is divided by 16984.
88
Calculate the remainder when 504905956 is divided by 1024150.
6
Calculate the remainder when 95771741 is divided by 15.
11
What is the remainder when 11190146 is divided by 193?
6
What is the remainder when 24227608 is divided by 249769?
15
Calculate the remainder when 154073852 is divided by 5.
2
What is the remainder when 17566542 is divided by 50?
42
What is the remainder when 96448 is divided by 24066?
184
What is the remainder when 491376 is divided by 196?
4
What is the remainder when 3362552 is divided by 33?
17
What is the remainder when 21394 is divided by 3438?
766
What is the remainder when 361511 is divided by 886?
23
Calculate the remainder when 23843029 is divided by 52867.
12
Calculate the remainder when 130260 is divided by 1618.
820
Calculate the remainder when 56230 is divided by 67.
17
Calculate the remainder when 219488 is divided by 11.
5
What is the remainder when 4369303 is divided by 9930?
103
Calculate the remainder when 12968474 is divided by 849.
848
What is the remainder when 35655 is divided by 2057?
686
What is the remainder when 2164408 is divided by 46051?
11
What is the remainder when 476410 is divided by 415?
405
Calculate the remainder when 130795 is divided by 6413.
2535
Calculate the remainder when 5247385 is divided by 200.
185
Calculate the remainder when 424192 is divided by 211733.
726
What is the remainder when 4267800 is divided by 15134?
12
Calculate the remainder when 274250 is divided by 1421.
1418
What is the remainder when 335525 is divided by 27939?
257
Calculate the remainder when 17285 is divided by 16941.
344
Calculate the remainder when 2195149 is divided by 9713.
11
What is the remainder when 29096 is divided by 2443?
2223
What is the remainder when 105864 is divided by 6614?
40
Calculate the remainder when 1740867 is divided by 27628.
303
What is the remainder when 38985 is divided by 7632?
825
What is the remainder when 15720556 is divided by 296?
292
Calculate the remainder when 31533 is divided by 5246.
57
What is the remainder when 98540568 is divided by 163961?
7
What is the remainder when 427042 is divided by 426954?
88
What is the remainder when 6251638 is divided by 835?
828
Calculate the remainder when 241498 is divided by 31